{"id":614,"date":"2018-11-06T17:55:19","date_gmt":"2018-11-06T16:55:19","guid":{"rendered":"https:\/\/www.optiquecoilliot.com\/?post_type=product&#038;p=614"},"modified":"2020-04-14T18:43:52","modified_gmt":"2020-04-14T16:43:52","slug":"louna","status":"publish","type":"product","link":"https:\/\/www.optiquecoilliot.com\/index.php\/produit\/louna\/","title":{"rendered":"Louna"},"content":{"rendered":"<p>Lunettes de vue enfant en m\u00e9tal, charni\u00e8res \u00ab\u00a0flex\u00a0\u00bb et manchons en silicone bicolore d\u00e9grad\u00e9.<\/p>\n<p>La monture est de couleur bleu \u00e9lectrique et rose saumon.<\/p>\n<p>ADI021 44.16 \/ 15 125 001<\/p>\n","protected":false},"excerpt":{"rendered":"<p>Lunettes de vue enfant en m\u00e9tal, charni\u00e8res \u00ab\u00a0flex\u00a0\u00bb et manchons en silicone bicolore d\u00e9grad\u00e9. La monture est de couleur bleu \u00e9lectrique et rose saumon. ADI021 44.16 \/ 15 125 001<\/p>\n","protected":false},"featured_media":616,"template":"","meta":{"_et_pb_use_builder":"","_et_pb_old_content":"","_et_gb_content_width":""},"product_brand":[],"product_cat":[23,28],"product_tag":[],"class_list":{"0":"post-614","1":"product","2":"type-product","3":"status-publish","4":"has-post-thumbnail","6":"product_cat-lunettes-vue-montures","7":"product_cat-lunettes_enfant_adolescents_lille_optique_coilliot","9":"first","10":"instock","11":"sold-individually","12":"shipping-taxable","13":"purchasable","14":"product-type-simple"},"_links":{"self":[{"href":"https:\/\/www.optiquecoilliot.com\/index.php\/wp-json\/wp\/v2\/product\/614","targetHints":{"allow":["GET"]}}],"collection":[{"href":"https:\/\/www.optiquecoilliot.com\/index.php\/wp-json\/wp\/v2\/product"}],"about":[{"href":"https:\/\/www.optiquecoilliot.com\/index.php\/wp-json\/wp\/v2\/types\/product"}],"wp:featuredmedia":[{"embeddable":true,"href":"https:\/\/www.optiquecoilliot.com\/index.php\/wp-json\/wp\/v2\/media\/616"}],"wp:attachment":[{"href":"https:\/\/www.optiquecoilliot.com\/index.php\/wp-json\/wp\/v2\/media?parent=614"}],"wp:term":[{"taxonomy":"product_brand","embeddable":true,"href":"https:\/\/www.optiquecoilliot.com\/index.php\/wp-json\/wp\/v2\/product_brand?post=614"},{"taxonomy":"product_cat","embeddable":true,"href":"https:\/\/www.optiquecoilliot.com\/index.php\/wp-json\/wp\/v2\/product_cat?post=614"},{"taxonomy":"product_tag","embeddable":true,"href":"https:\/\/www.optiquecoilliot.com\/index.php\/wp-json\/wp\/v2\/product_tag?post=614"}],"curies":[{"name":"wp","href":"https:\/\/api.w.org\/{rel}","templated":true}]}}