{"id":313,"date":"2018-10-09T07:25:05","date_gmt":"2018-10-09T05:25:05","guid":{"rendered":"https:\/\/www.optiquecoilliot.com\/?post_type=product&#038;p=313"},"modified":"2019-04-15T10:48:38","modified_gmt":"2019-04-15T08:48:38","slug":"soulxl","status":"publish","type":"product","link":"https:\/\/www.optiquecoilliot.com\/index.php\/produit\/soulxl\/","title":{"rendered":"Soul XL"},"content":{"rendered":"<p>Tr\u00e8s grande monture de couleur noir avec la face en m\u00e9tal et les branches en plastique.<\/p>\n<p>Elle est \u00e9quip\u00e9e de charni\u00e8res \u00ab\u00a0flex\u00a0\u00bb. C&rsquo; est un montage compl\u00e8tement cercl\u00e9.<\/p>\n<p>FH-00133 Soul XL 145 64.18<\/p>\n<p>&nbsp;<\/p>\n","protected":false},"excerpt":{"rendered":"<p>Tr\u00e8s grande monture de couleur noir avec la face en m\u00e9tal cercl\u00e9e.<\/p>\n<p>Les branches en plastique noir sont dot\u00e9es d&rsquo;une charni\u00e8re \u00ab\u00a0flex\u00a0\u00bb.<\/p>\n<p>FH-00133 Soul XL 145 64.18<\/p>\n<p>&nbsp;<\/p>\n","protected":false},"featured_media":314,"template":"","meta":{"_et_pb_use_builder":"","_et_pb_old_content":"","_et_gb_content_width":""},"product_brand":[],"product_cat":[23,24,25,26],"product_tag":[],"class_list":{"0":"post-313","1":"product","2":"type-product","3":"status-publish","4":"has-post-thumbnail","6":"product_cat-lunettes-vue-montures","7":"product_cat-femme","8":"product_cat-lunettes-homme","9":"product_cat-lunettes-mixte","11":"first","12":"instock","13":"sold-individually","14":"shipping-taxable","15":"purchasable","16":"product-type-simple"},"_links":{"self":[{"href":"https:\/\/www.optiquecoilliot.com\/index.php\/wp-json\/wp\/v2\/product\/313","targetHints":{"allow":["GET"]}}],"collection":[{"href":"https:\/\/www.optiquecoilliot.com\/index.php\/wp-json\/wp\/v2\/product"}],"about":[{"href":"https:\/\/www.optiquecoilliot.com\/index.php\/wp-json\/wp\/v2\/types\/product"}],"wp:featuredmedia":[{"embeddable":true,"href":"https:\/\/www.optiquecoilliot.com\/index.php\/wp-json\/wp\/v2\/media\/314"}],"wp:attachment":[{"href":"https:\/\/www.optiquecoilliot.com\/index.php\/wp-json\/wp\/v2\/media?parent=313"}],"wp:term":[{"taxonomy":"product_brand","embeddable":true,"href":"https:\/\/www.optiquecoilliot.com\/index.php\/wp-json\/wp\/v2\/product_brand?post=313"},{"taxonomy":"product_cat","embeddable":true,"href":"https:\/\/www.optiquecoilliot.com\/index.php\/wp-json\/wp\/v2\/product_cat?post=313"},{"taxonomy":"product_tag","embeddable":true,"href":"https:\/\/www.optiquecoilliot.com\/index.php\/wp-json\/wp\/v2\/product_tag?post=313"}],"curies":[{"name":"wp","href":"https:\/\/api.w.org\/{rel}","templated":true}]}}