{"id":1326,"date":"2019-04-23T17:45:35","date_gmt":"2019-04-23T15:45:35","guid":{"rendered":"https:\/\/www.optiquecoilliot.com\/?post_type=product&#038;p=1326"},"modified":"2020-04-14T18:41:58","modified_gmt":"2020-04-14T16:41:58","slug":"x1068_7a_48-18_140","status":"publish","type":"product","link":"https:\/\/www.optiquecoilliot.com\/index.php\/produit\/x1068_7a_48-18_140\/","title":{"rendered":"x1068_7a_48.18_140"},"content":{"rendered":"<p>Lunettes de vue en m\u00e9tal audacieuses.<\/p>\n<p>charni\u00e8re flex , montage \u00ab\u00a0nylor\u00a0\u00bb<\/p>\n<p>face cuivr\u00e9e et bleue. joli travail d&rsquo; ajourage de la mati\u00e8re aussi bien sur la face que sur les branches qui apporte une vrai l\u00e9g\u00e8ret\u00e9<\/p>\n<p>\u00e0 cette monture tout \u00e0 fait au go\u00fbt du jour.<\/p>\n","protected":false},"excerpt":{"rendered":"<p>Lunettes de vue en m\u00e9tal audacieuses. charni\u00e8re flex , montage \u00ab\u00a0nylor\u00a0\u00bb face cuivr\u00e9e et bleue. joli travail d&rsquo; ajourage de la mati\u00e8re aussi bien sur la face que sur les branches qui apporte une vrai l\u00e9g\u00e8ret\u00e9 \u00e0 cette monture tout \u00e0 fait au go\u00fbt du jour.<\/p>\n","protected":false},"featured_media":1327,"template":"","meta":{"_et_pb_use_builder":"","_et_pb_old_content":"","_et_gb_content_width":""},"product_brand":[],"product_cat":[23,24,26],"product_tag":[],"class_list":{"0":"post-1326","1":"product","2":"type-product","3":"status-publish","4":"has-post-thumbnail","6":"product_cat-lunettes-vue-montures","7":"product_cat-femme","8":"product_cat-lunettes-mixte","10":"first","11":"instock","12":"shipping-taxable","13":"purchasable","14":"product-type-simple"},"_links":{"self":[{"href":"https:\/\/www.optiquecoilliot.com\/index.php\/wp-json\/wp\/v2\/product\/1326","targetHints":{"allow":["GET"]}}],"collection":[{"href":"https:\/\/www.optiquecoilliot.com\/index.php\/wp-json\/wp\/v2\/product"}],"about":[{"href":"https:\/\/www.optiquecoilliot.com\/index.php\/wp-json\/wp\/v2\/types\/product"}],"wp:featuredmedia":[{"embeddable":true,"href":"https:\/\/www.optiquecoilliot.com\/index.php\/wp-json\/wp\/v2\/media\/1327"}],"wp:attachment":[{"href":"https:\/\/www.optiquecoilliot.com\/index.php\/wp-json\/wp\/v2\/media?parent=1326"}],"wp:term":[{"taxonomy":"product_brand","embeddable":true,"href":"https:\/\/www.optiquecoilliot.com\/index.php\/wp-json\/wp\/v2\/product_brand?post=1326"},{"taxonomy":"product_cat","embeddable":true,"href":"https:\/\/www.optiquecoilliot.com\/index.php\/wp-json\/wp\/v2\/product_cat?post=1326"},{"taxonomy":"product_tag","embeddable":true,"href":"https:\/\/www.optiquecoilliot.com\/index.php\/wp-json\/wp\/v2\/product_tag?post=1326"}],"curies":[{"name":"wp","href":"https:\/\/api.w.org\/{rel}","templated":true}]}}