{"id":406,"date":"2018-10-20T17:00:34","date_gmt":"2018-10-20T15:00:34","guid":{"rendered":"https:\/\/www.optiquecoilliot.com\/?page_id=406"},"modified":"2019-01-10T16:14:41","modified_gmt":"2019-01-10T15:14:41","slug":"mentions-legales","status":"publish","type":"page","link":"https:\/\/www.optiquecoilliot.com\/index.php\/mentions-legales\/","title":{"rendered":"Mentions l\u00e9gales"},"content":{"rendered":"<p>[et_pb_section fb_built=\u00a0\u00bb1&Prime; _builder_version=\u00a0\u00bb3.0.47&Prime;][et_pb_row _builder_version=\u00a0\u00bb3.0.48&Prime; background_size=\u00a0\u00bbinitial\u00a0\u00bb background_position=\u00a0\u00bbtop_left\u00a0\u00bb background_repeat=\u00a0\u00bbrepeat\u00a0\u00bb][et_pb_column type=\u00a0\u00bb4_4&Prime; _builder_version=\u00a0\u00bb3.0.47&Prime; parallax=\u00a0\u00bboff\u00a0\u00bb parallax_method=\u00a0\u00bbon\u00a0\u00bb][et_pb_text _builder_version=\u00a0\u00bb3.19.4&Prime;]<\/p>\n<p><strong>Mentions l\u00e9gales<\/strong><\/p>\n<p>Optique Coilliot (microentrepreneur)<\/p>\n<p>RCS Lille M\u00e9tropole 531 124 279<\/p>\n<p>Adresse: 14 rue de Fleurus 59000 Lille FRANCE<\/p>\n<p>t\u00e9l: 09 52 53 31 28 \/ GSM: 06 10 82 18 06<\/p>\n<p>m\u00e9l: contact@optiquecoilliot.com<\/p>\n<p>Repr\u00e9sentant l\u00e9gal : Coilliot J\u00e9r\u00f4me<\/p>\n<p>Site r\u00e9alis\u00e9 par:\u00a0 Coilliot J\u00e9r\u00f4me<\/p>\n<p>Centre serveur\u00a0OVH<\/p>\n<p>RCS Lille M\u00e9tropole 424 761 419 00045<\/p>\n<p>SAS au capital de 10 000 000\u20ac<\/p>\n<p>Adresse: 2 rue Kellermann 59100 Roubaix FRANCE<\/p>\n<p>t\u00e9l: 0 820 698 765<\/p>\n<p><strong>Collecte de donn\u00e9es personnelles<\/strong><\/p>\n<p>Les informations recueillies font l&rsquo; objet d&rsquo; un traitement informatique destin\u00e9 \u00e0 Optique Coilliot. Le destinataire des donn\u00e9es est Optique Coilliot.<\/p>\n<p>Conform\u00e9ment \u00e0 la loi \u00ab\u00a0informatique et libert\u00e9s\u00a0\u00bb du 6 janvier 1978 modifi\u00e9e en 2004, vous b\u00e9n\u00e9ficiez d&rsquo; un droit d&rsquo; acc\u00e8s et de rectification aux informations qui vous concernent, que vous pouvez exercer en vous adressant \u00e0 Optique Coilliot (m\u00e9l.: SAV@optiquecoilliot.com ).<\/p>\n<p>Vous pouvez \u00e9galement , pour des motifs l\u00e9gitimes, vous opposer au traitement des donn\u00e9es vous concernant.<\/p>\n<p>&nbsp;<\/p>\n<p>[\/et_pb_text][\/et_pb_column][\/et_pb_row][\/et_pb_section]<\/p>\n","protected":false},"excerpt":{"rendered":"<p>Mentions l\u00e9gales Optique Coilliot (microentrepreneur) RCS Lille M\u00e9tropole 531 124 279 Adresse: 14 rue de Fleurus 59000 Lille FRANCE t\u00e9l: 09 52 53 31 28 \/ GSM: 06 10 82 18 06 m\u00e9l: contact@optiquecoilliot.com Repr\u00e9sentant l\u00e9gal : Coilliot J\u00e9r\u00f4me Site r\u00e9alis\u00e9 par:\u00a0 Coilliot J\u00e9r\u00f4me Centre serveur\u00a0OVH RCS Lille M\u00e9tropole 424 761 419 00045 SAS au [&hellip;]<\/p>\n","protected":false},"author":2,"featured_media":0,"parent":0,"menu_order":0,"comment_status":"closed","ping_status":"closed","template":"","meta":{"_et_pb_use_builder":"on","_et_pb_old_content":"<p><strong>Mentions l\u00e9gales<\/strong><\/p><p>Optique Coilliot (autoentrepreneur)<\/p><p>RCS Lille M\u00e9tropole 531 124 279<\/p><p>Adresse: 14 rue de Fleurus 59000 Lille FRANCE<\/p><p>t\u00e9l: 09 52 53 31 28 \/ GSM: 06 10 82 18 06<\/p><p>m\u00e9l: contact@optiquecoilliot.com<\/p><p>Repr\u00e9sentant l\u00e9gal : Coilliot J\u00e9r\u00f4me<\/p><p>Site r\u00e9alis\u00e9 par:\u00a0 Coilliot J\u00e9r\u00f4me<\/p><p>Centre serveur\u00a0OVH<\/p><p>RCS Lille M\u00e9tropole 424 761 419 00045<\/p><p>SAS au capital de 10 000 000\u20ac<\/p><p>Adresse: 2 rue Kellermann 59100 Roubaix FRANCE<\/p><p>t\u00e9l: 0 820 698 765<\/p><p><strong>Collecte de donn\u00e9es personnelles<\/strong><\/p><p>Les informations recueillies font l' objet d' un traitement informatique destin\u00e9 \u00e0 Optique Coilliot. Le destinataire des donn\u00e9es est Optique Coilliot.<\/p><p>Conform\u00e9ment \u00e0 la loi \"informatique et libert\u00e9s\" du 6 janvier 1978 modifi\u00e9e en 2004, vous b\u00e9n\u00e9ficiez d' un droit d' acc\u00e8s et de rectification aux informations qui vous concernent, que vous pouvez exercer en vous adressant \u00e0 Optique Coilliot (m\u00e9l.: SAV@optiquecoilliot.com ).<\/p><p>Vous pouvez \u00e9galement , pour des motifs l\u00e9gitimes, vous opposer au traitement des donn\u00e9es vous concernant.<\/p><p>\u00a0<\/p>","_et_gb_content_width":"","footnotes":""},"class_list":["post-406","page","type-page","status-publish","hentry"],"_links":{"self":[{"href":"https:\/\/www.optiquecoilliot.com\/index.php\/wp-json\/wp\/v2\/pages\/406","targetHints":{"allow":["GET"]}}],"collection":[{"href":"https:\/\/www.optiquecoilliot.com\/index.php\/wp-json\/wp\/v2\/pages"}],"about":[{"href":"https:\/\/www.optiquecoilliot.com\/index.php\/wp-json\/wp\/v2\/types\/page"}],"author":[{"embeddable":true,"href":"https:\/\/www.optiquecoilliot.com\/index.php\/wp-json\/wp\/v2\/users\/2"}],"replies":[{"embeddable":true,"href":"https:\/\/www.optiquecoilliot.com\/index.php\/wp-json\/wp\/v2\/comments?post=406"}],"version-history":[{"count":5,"href":"https:\/\/www.optiquecoilliot.com\/index.php\/wp-json\/wp\/v2\/pages\/406\/revisions"}],"predecessor-version":[{"id":1033,"href":"https:\/\/www.optiquecoilliot.com\/index.php\/wp-json\/wp\/v2\/pages\/406\/revisions\/1033"}],"wp:attachment":[{"href":"https:\/\/www.optiquecoilliot.com\/index.php\/wp-json\/wp\/v2\/media?parent=406"}],"curies":[{"name":"wp","href":"https:\/\/api.w.org\/{rel}","templated":true}]}}