{"id":1195,"date":"2019-02-22T16:44:32","date_gmt":"2019-02-22T15:44:32","guid":{"rendered":"https:\/\/www.optiquecoilliot.com\/?page_id=1195"},"modified":"2022-05-13T14:53:39","modified_gmt":"2022-05-13T12:53:39","slug":"boutique-physique-optique-coilliot-histoire","status":"publish","type":"page","link":"https:\/\/www.optiquecoilliot.com\/index.php\/boutique-physique-optique-coilliot-histoire\/","title":{"rendered":"La boutique physique"},"content":{"rendered":"<p>[et_pb_section fb_built=\u00a0\u00bb1&Prime; _builder_version=\u00a0\u00bb4.16&Prime; global_colors_info=\u00a0\u00bb{}\u00a0\u00bb][et_pb_row _builder_version=\u00a0\u00bb4.16&Prime; global_colors_info=\u00a0\u00bb{}\u00a0\u00bb][et_pb_column type=\u00a0\u00bb4_4&Prime; _builder_version=\u00a0\u00bb4.16&Prime; custom_padding=\u00a0\u00bb|||\u00a0\u00bb global_colors_info=\u00a0\u00bb{}\u00a0\u00bb custom_padding__hover=\u00a0\u00bb|||\u00a0\u00bb][et_pb_image _builder_version=\u00a0\u00bb4.17.3&Prime; _module_preset=\u00a0\u00bbdefault\u00a0\u00bb alt=\u00a0\u00bblille_opticien_magasin_boutique_optique_coilliot\u00a0\u00bb title_text=\u00a0\u00bbMagasin_Optique_Coilliot\u00a0\u00bb src=\u00a0\u00bbhttps:\/\/www.optiquecoilliot.com\/wp-content\/uploads\/2022\/02\/Magasin_Optique_Coilliot.jpg\u00a0\u00bb hover_enabled=\u00a0\u00bb0&Prime; sticky_enabled=\u00a0\u00bb0&Prime; align=\u00a0\u00bbcenter\u00a0\u00bb][\/et_pb_image][et_pb_text _builder_version=\u00a0\u00bb4.16&Prime; global_colors_info=\u00a0\u00bb{}\u00a0\u00bb]<\/p>\n<p>La boutique est situ\u00e9e au rez de chauss\u00e9e d&rsquo;un immeuble d&rsquo; \u00e9poque Art nouveau dessin\u00e9 par Hector Guimard\u00a0 <a href=\"https:\/\/www.lecercleguimard.fr\" target=\"_blank\" rel=\"noopener noreferrer\">https:\/\/www.lecercleguimard.fr<\/a> .<\/p>\n<p>Elle est situ\u00e9e au 14 rue de Fleurus \u00e0 Lille (m\u00e9tro. Republique Beaux-Arts).<\/p>\n<p>Optique Coilliot a \u00e9t\u00e9 cr\u00e9\u00e9 en Avril 2015.<\/p>\n<p>&nbsp;<\/p>\n<p>[\/et_pb_text][\/et_pb_column][\/et_pb_row][\/et_pb_section]<\/p>\n","protected":false},"excerpt":{"rendered":"<p>La boutique est situ\u00e9e au rez de chauss\u00e9e d&rsquo;un immeuble d&rsquo; \u00e9poque Art nouveau dessin\u00e9 par Hector Guimard\u00a0 https:\/\/www.lecercleguimard.fr . Elle est situ\u00e9e au 14 rue de Fleurus \u00e0 Lille (m\u00e9tro. Republique Beaux-Arts). Optique Coilliot a \u00e9t\u00e9 cr\u00e9\u00e9 en Avril 2015. &nbsp;<\/p>\n","protected":false},"author":2,"featured_media":0,"parent":0,"menu_order":0,"comment_status":"closed","ping_status":"closed","template":"","meta":{"_et_pb_use_builder":"on","_et_pb_old_content":"<!-- wp:paragraph -->\n<p><\/p>\n<!-- \/wp:paragraph -->\n\n<!-- wp:divi\/placeholder \/-->","_et_gb_content_width":"","footnotes":""},"class_list":["post-1195","page","type-page","status-publish","hentry"],"_links":{"self":[{"href":"https:\/\/www.optiquecoilliot.com\/index.php\/wp-json\/wp\/v2\/pages\/1195","targetHints":{"allow":["GET"]}}],"collection":[{"href":"https:\/\/www.optiquecoilliot.com\/index.php\/wp-json\/wp\/v2\/pages"}],"about":[{"href":"https:\/\/www.optiquecoilliot.com\/index.php\/wp-json\/wp\/v2\/types\/page"}],"author":[{"embeddable":true,"href":"https:\/\/www.optiquecoilliot.com\/index.php\/wp-json\/wp\/v2\/users\/2"}],"replies":[{"embeddable":true,"href":"https:\/\/www.optiquecoilliot.com\/index.php\/wp-json\/wp\/v2\/comments?post=1195"}],"version-history":[{"count":9,"href":"https:\/\/www.optiquecoilliot.com\/index.php\/wp-json\/wp\/v2\/pages\/1195\/revisions"}],"predecessor-version":[{"id":6958,"href":"https:\/\/www.optiquecoilliot.com\/index.php\/wp-json\/wp\/v2\/pages\/1195\/revisions\/6958"}],"wp:attachment":[{"href":"https:\/\/www.optiquecoilliot.com\/index.php\/wp-json\/wp\/v2\/media?parent=1195"}],"curies":[{"name":"wp","href":"https:\/\/api.w.org\/{rel}","templated":true}]}}

<p>[et_pb_section fb_built= »1&Prime; _builder_version= »4.16&Prime; global_colors_info= »{} »][et_pb_row _builder_version= »4.16&Prime; global_colors_info= »{} »][et_pb_column type= »4_4&Prime; _builder_version= »4.16&Prime; custom_padding= »||| » global_colors_info= »{} » custom_padding__hover= »||| »][et_pb_image _builder_version= »4.17.3&Prime; _module_preset= »default » alt= »lille_opticien_magasin_boutique_optique_coilliot » title_text= »Magasin_Optique_Coilliot » src= »https://www.optiquecoilliot.com/wp-content/uploads/2022/02/Magasin_Optique_Coilliot.jpg » hover_enabled= »0&Prime; sticky_enabled= »0&Prime; align= »center »][/et_pb_image][et_pb_text _builder_version= »4.16&Prime; global_colors_info= »{} »]</p>
<p>La boutique est située au rez de chaussée d&rsquo;un immeuble d&rsquo; époque Art nouveau dessiné par Hector Guimard  <a href="https://www.lecercleguimard.fr" target="_blank" rel="noopener noreferrer">https://www.lecercleguimard.fr</a> .</p>
<p>Elle est située au 14 rue de Fleurus à Lille (métro. Republique Beaux-Arts).</p>
<p>Optique Coilliot a été créé en Avril 2015.</p>
<p>&nbsp;</p>
<p>[/et_pb_text][/et_pb_column][/et_pb_row][/et_pb_section]</p>

<p>La boutique est située au rez de chaussée d&rsquo;un immeuble d&rsquo; époque Art nouveau dessiné par Hector Guimard  https://www.lecercleguimard.fr . Elle est située au 14 rue de Fleurus à Lille (métro. Republique Beaux-Arts). Optique Coilliot a été créé en Avril 2015. &nbsp;</p>
